t r(m) = 2*m - 14. Let g be r(8). Let y(o) = -8*o + o**g + 18*o + 5 + 3. Determine y(-9).
-1
Let o = -2 - 0. Let r(w) be the third derivative of -w**4/24 - w**3/2 - 257*w**2. Determine r(o).
-1
Let m(j) be the second derivative of -j**4/12 + 5*j**3/3 + 15*j**2/2 - 5*j + 8. Give m(11).
4
Let y(x) be the first derivative of -x**3/3 - 5*x**2/2 + 3*x + 495. Calculate y(-6).
-3
Let l(c) = -10*c + 27. Suppose 38 = -7*d + 3. Let y(o) = -7*o + 18. Let r(v) = d*l(v) + 7*y(v). Suppose 5*f + 0*k - 45 = -2*k, 18 = 4*f - 2*k. Give r(f).
-2
Let u(x) = x**2 + 2*x - 34. Let g be u(5). Let c(w) = -20*w**3 + 2*w**2 - w. Calculate c(g).
-19
Let c(j) = j**3 + 9*j**2 - 10*j + 2. Let h = -465 + 455. Calculate c(h).
2
Let s(i) = -i - 14. Suppose 35 = -5*w + 10*x - 5*x, -28 = 4*w + 5*x. Give s(w).
-7
Let t = 146 + -103. Let w = t + -50. Let u(f) = 4*f + 6. What is u(w)?
-22
Let s(x) = 27*x**3 - 2*x**2 - 7*x + 1. Let j(w) = -58*w**3 + 4*w**2 + 15*w - 2. Let n(q) = -6*j(q) - 13*s(q). Give n(-1).
3
Let k = -46 + 41. Let l = -16 - -16. Let t(m) = 6 - 5*m**3 - 5*m - 6*m**2 + l*m**3 + 4*m**3. What is t(k)?
6
Suppose 33*c - 32*c - 8 = 0. Let w(b) = 14*b - 7. Let f(u) = -3*u + 1. Let a(j) = 4*f(j) + w(j). What is a(c)?
13
Suppose -39 = -9*a + 15. Let m = 1 - 0. Let z(f) = -f**2 - m + 6*f - 6 - 1. Determine z(a).
-8
Let n(u) = 6*u**3 - 2*u**2 - 2*u - 6. Let f(r) = -19*r**3 + 7*r**2 + 6*r + 21. Let l(o) = -2*f(o) - 7*n(o). Calculate l(-2).
28
Let p(l) = -l**3 - 19*l**2 + 20*l - 22. Let y be p(-20). Let f be (4 - 1)/((-6)/44). Let i = y - f. Let t(d) = d**2 + d + 15. Determine t(i).
15
Let s(k) = 2*k - 1. Let a(m) be the second derivative of -m**4/12 + 11*m**3/6 - 10*m**2 - 6*m. Let u be a(9). Determine s(u).
-5
Let m(l) = -l**2 - 8*l - 6. Let p(q) = q**3 + 11*q**2 + 10*q + 3. Let u be p(-10). Let g(j) = j + 1. Let w(c) = u*g(c) + m(c). Calculate w(-4).
1
Let h(b) = b**2 + 14*b + 34. Let o be (-26010)/2346 + (-2)/(-23). Calculate h(o).
1
Let i = -27 - -21. Let c(z) be the third derivative of z**4/24 + z**3/3 + 9*z**2 - 2*z. Give c(i).
-4
Let l = -8 + 14. Let d be l/4*(-64)/24. Let k(r) = -r**2 - 4*r - 5. What is k(d)?
-5
Let x(p) = -2*p**3 + 3*p**2 - 1. Let f be x(2). Let t = f + 9. Let a(m) be the first derivative of -m**3/3 + 3*m**2/2 + 2*m - 59. Give a(t).
-2
Let d(s) = 30*s + 2 - 29*s + 8 + 7 - 4. Give d(-8).
5
Let w(s) = -9*s**3 - s**2 + s - 1. Suppose -15*b = -8*b - 56. Let x = b - 7. Calculate w(x).
-10
Let y(z) be the third derivative of z**7/2520 - z**6/180 + z**5/60 + z**4/8 - z**2. Let x(k) be the second derivative of y(k). Let j = -113 + 118. Give x(j).
7
Let j(n) = -18 + 25*n - 4*n - 25*n. Determine j(-3).
-6
Let p(m) = 0 - 2 + 5 - 8*m + 3*m. Let b(u) = -u**3 - 11*u**2 - 11*u - 8. Let f be b(-10). What is p(f)?
-7
Let i(q) = -2*q**2 + 18*q**3 - 6*q + 0 + 7 - 11*q**3 - q. Let a(w) = -6*w**3 + 2*w**2 + 6*w - 6. Let c(p) = -6*a(p) - 5*i(p). Calculate c(1).
-1
Let z(j) = -2*j**3 + 94*j**2 - 12*j - 10. Let i(k) = k**3 - 39*k**2 + 5*k + 4. Let n(x) = -12*i(x) - 5*z(x). Determine n(-2).
10
Let v = -1276 - -1281. Let i(y) = -4*y**2 + 8*y - 7. Let m(c) = -7*c**2 + 15*c - 14. Let g(a) = -5*i(a) + 3*m(a). Give g(v).
-7
Let v(f) = f**2 - 2*f + 11. Let h be v(0). Let q = h - 12. Let c be (-3 - -6 - 4)*q. Let l(n) = 7*n**3 - 2*n**2 + 2*n - 1. Determine l(c).
6
Let j(k) = -k**2 + 4*k - 5. Let w(l) = -214 - 182 + 421 - 2*l. Let h be w(10). Calculate j(h).
-10
Let k(w) = w**2 - 7*w - 1. Let h be -3 + (5 + -6 - -10). Calculate k(h).
-7
Let g(v) = 54*v - 2 + v**2 - v**3 - 23*v - 26*v. Let i(q) = -2*q - 9. Let m be i(-6). What is g(m)?
-5
Let g(c) = -7 + 5*c - 2*c**3 + 19*c**2 - 5*c + 0*c - 6*c. Let h(j) = j**3 - 10*j**2 + 3*j + 4. Let z(f) = 6*g(f) + 11*h(f). Give z(3).
2
Let o(q) be the third derivative of q**4/24 - 4*q**3/3 + 23*q**2 + 3. Determine o(11).
3
Let d(t) be the second derivative of t**3/6 + t. Let a = 797 + -795. Give d(a).
2
Let p = 1471 + -1465. Let r(q) = q**3 - 8*q**2 + 13*q - 13. Calculate r(p).
-7
Let q(b) = -b**3 - b - 1. Let t(w) = 7*w**3 - w**2 + 5*w + 5. Let j(m) = 6*q(m) + t(m). Calculate j(2).
1
Let d(o) = o**3 - o**2 + o - 3. Let a(x) = x**3 - 3. Suppose -3*z + 24 = 3*z. Let s(r) = z*a(r) - 3*d(r). Let p be (-2)/(-5) - (-36)/(-15). Give s(p).
7
Let q(a) = -a**3 + 2*a**2 + 4*a + 1. Let y be q(3). Let l(s) be the first derivative of -3/2*s**2 + 12 + 4*s. Determine l(y).
-8
Suppose -2*v = 2*t + 4, t + 3*v + 2 = v. Let u(l) be the first derivative of -2*l + 1/2*l**2 - 2 + 1/4*l**4 + 4/3*l**3. Give u(t).
4
Let p(r) be the second derivative of r**4/12 + 31*r**3/6 - 13*r**2 + 23*r. Determine p(-32).
6
Let h = 22 + -22. Let l(o) = o**3 - 7*o**2 + 7*o - 2. Let m be l(6). Let y(d) = 14*d**3 - 4*d**3 - 11*d**3 + 8 + m. Determine y(h).
12
Let o(v) = v - 15. Let g be -6 + 29 - 1*18/3. Calculate o(g).
2
Suppose 209*x - 199*x + 40 = 0. Let h(d) = -2*d**2 - 4*d - 1. Determine h(x).
-17
Let x be 0*(104/156 + (-1)/1). Let h(m) = 2*m**3 + 3*m - 29. Let s(i) = i**3 + i - 14. Let j(k) = -2*h(k) + 5*s(k). What is j(x)?
-12
Let f(m) = m**3 + 5 + m**3 - m**3 + 4*m**2. Let r(l) = -l + 8. Suppose 5*v - 2*v - 39 = -3*a, -3*a = -5*v + 57. Let w be r(v). Calculate f(w).
5
Suppose -9 = -17*s - 128. Let r(t) = -t**3 - 6*t**2 + 5*t - 10. Let d(b) = -2*b**3 - 12*b**2 + 10*b - 19. Let n(g) = -3*d(g) + 5*r(g). Determine n(s).
-7
Let j(s) be the second derivative of -s**4/12 - 7*s**3/6 - s**2/2 + 5*s. Let r = -722 + 717. Give j(r).
9
Let l(p) = -p**3 - 11*p**2 - p + 6. Let c be l(-11). Let w = -15 + c. Let h(y) = 0*y + 3*y**2 - 2*y**3 - 2*y**w + y + 1 - 2*y. Determine h(1).
-1
Let y(w) = -2*w - 7. Let u be y(-8). Suppose 3*z - 5*f = -0*z + 43, 0 = z + f - u. Let i(k) = -3*k**2 + 4*k**2 - z + 16 - 4*k. Calculate i(4).
5
Let a(t) be the second derivative of t**5/20 + t**4 - 11*t**3/6 + 31*t**2/2 + 10*t + 6. Calculate a(-13).
5
Let g(n) = n - 6 - 3 + 4*n. Let m(f) = -f. Let q(z) = 6*z - 1. Let y(h) = -5*m(h) - q(h). Let a(p) = g(p) + 6*y(p). Determine a(-3).
0
Let n(j) = -2*j. Let v be -5 + (0 - -2) - (3 + -4). Let i be (10/4)/(1/v). Calculate n(i).
10
Let w(c) be the third derivative of c**6/120 + c**5/30 - 5*c**4/24 - 2*c**3/3 + 2*c**2. Suppose -15*k - 28 - 17 = 0. Give w(k).
2
Let k be (600/(-525))/(1*2/(-7)). Let v(o) = o**3 - 5*o**2 + 4*o + 4. Give v(k).
4
Suppose j + 1 = k + 2*j, 0 = 3*k + 5*j - 3. Let w(a) be the first derivative of 0*a + 3/2*a**4 - 1/2*a**2 + 2 + 0*a**3. Determine w(k).
5
Let s = 677 + -677. Let f(v) be the first derivative of v**2/2 + 14*v + 2. Calculate f(s).
14
Suppose -k = 2*k. Let b be k - (3 + -1 + -3). Let c(l) = -4 + 0 + 8*l + 0 + 3. Determine c(b).
7
Let u be 22*((-12)/(-3) - 1)/6. Let v(x) = 7*x**2 + 5 + u*x**2 - 4 - 2*x. Calculate v(1).
17
Let l(n) be the first derivative of -n**3/3 - 13*n**2/2 - 5*n - 36. What is l(-6)?
37
Let f(s) = -s**3 + 8*s**2 - 6. Let l be f(8). Let c be (8/(-6) + 1)*l. Let a(r) = 4*r + r**2 + 3*r**2 - 7*r**2 + r**3 + 4 - 6. What is a(c)?
2
Let f(y) = -y**2 + 6*y - 8. Let o(m) = m**3 + m**2 + 6. Let n be -3 + (1 - 0)*2. Let g be 0/(-15)*(-1)/n. Let s be o(g). What is f(s)?
-8
Let a(p) = -47 + p**3 + 16*p - 8*p**2 - 10*p + 48. Determine a(7).
-6
Let q(w) = w**2 - 1. Let r(h) = h**2 - 13*h - 10. Let o(c) = 2*q(c) - r(c). Calculate o(-10).
-22
Let r be (-5)/((7/4)/(-7)). Suppose 18*c - r*c - 8 = 0. Let g(p) = p**2 + 3*p. What is g(c)?
4
Let m(y) be the third derivative of -y**6/120 + y**5/6 - 3*y**4/8 - 5*y**3/2 - 305*y**2. Give m(9).
-15
Let k be (0/(-2))/(1/(-3 + 4)). Let t(d) be the first derivative of -d**3/3 + d**2/2 + 8*d + 14. What is t(k)?
8
Let p(v) = -2*v**2 - 16*v - 13. Let o(t) = 5*t**2 + 46*t + 37. Let i(h) = -4*o(h) - 11*p(h). Determine i(4).
-5
Let d(f) be the second derivative of -1/6*f**3 - 3*f**2 - 2*f + 0. Suppose -4*z = -5*h - 16, 0 = -0*h - 3*h + z - 4. Give d(h).
-6
Let u(f) be the third derivative of f**4/24 - 17*f**3/6 + 91*f**2 - 3. Give u(-7).
-24
Let z(g) = -g**3 + 9*g**2 + 9*g. Suppose 2 = r - 8. What is z(r)?
-10
Let f(g) = g**3 + 14*g**2 + 5. Let r = 24 + -17. Suppose -r*s + 5*s - 28 = 0. Let n be f(s). Let o(z) = -z + 2. Determine o(n).
-3
Let p(i) = -187*i + 363*i + 3 - 177*i + 0. Let m = -5 + 8. Determine p(m).
0
Let y(s) be the first derivative of 0*s + 1/4*s**4 + 5/3*s**3 - 13 + 1/2*s**2. Give y(-5).